be (18/4)/((-1)/(-2)). Suppose -o*a + 3*a - 426 = 0. Let b = 334 + a. Is b prime?
True
Let a(n) = 334602*n**3 - 13*n**2 + 21*n - 9. Is a(1) a prime number?
False
Suppose -188*d + 42*d = -9623839 - 1367187. Is d composite?
True
Suppose -4*q = 4, -4*q - 73159 = -23*p + 20*p. Is p composite?
True
Let p(k) = 5*k**2 - 10*k + 177739. Is p(0) prime?
True
Is 858207/24 - (-141)/376 prime?
True
Let z = 219 + 17. Let f = -888 - -631. Let j = z - f. Is j a prime number?
False
Let a(v) = -29*v**2 - 5*v + 17. Let p be a(10). Let c = p + 9730. Is c prime?
False
Suppose 6*t - 5*q = 8*t - 13465, 0 = -2*t + 2*q + 13472. Suppose 15*a = 12*a - t. Let r = 4010 + a. Is r prime?
False
Let w(i) be the second derivative of -311*i**3/6 - 143*i**2/2 + 33*i. Is w(-12) composite?
True
Suppose v - 32986 = a, -2*a - 64972 = -5*v + 99967. Is v a composite number?
True
Let i = 57 + -55. Let d be -2*60/(-16)*i. Is (-24)/(-15) + -2 - (-2361)/d composite?
False
Suppose -m + 8 = -2*d, 68 = 5*m + 2*d + 16. Suppose -13*k + 10473 = -m*k. Is k prime?
True
Suppose 0 = -3*k + 4*m + 31 - 5, -2*k + 3*m + 17 = 0. Is k*(-8 - 1737/(-2)) composite?
True
Let f(o) = 122*o**2 + 12*o - 73. Is f(-24) a prime number?
True
Suppose 4*p - 4 = -12, -3*p + 10 = -r. Let m be (-2 + 0 - 54)*(r + -2). Suppose 3*i = m + 1065. Is i composite?
False
Let x be (-2 - -1)*(-12443)/(-23). Let i = x + 3704. Is i prime?
True
Suppose -12 = 23*g - 26*g. Suppose x - 5*d = -21, 2*d = g*x - 0*d + 12. Is (-149)/(-2) - x/(-12)*6 a prime number?
False
Let a(s) = s**2 - 4*s + 12. Let u(w) = -w**2 - 4*w + 11. Let c(z) = 5*a(z) - 4*u(z). Is c(-9) a composite number?
True
Suppose -399*l + 135849 = -396*l + 2*k, 0 = -k. Is l prime?
False
Let r(d) = -52*d + 21. Let i(l) = 55*l - 22. Let f(j) = -6*i(j) - 7*r(j). Is f(1) composite?
False
Let b(u) = -u + 21. Let r be b(7). Suppose 0 = -3*c + r - 5. Suppose 0 = -4*z + c*z - 2, -4*m + 11316 = 4*z. Is m composite?
True
Suppose 4*n = -d - 2849, -4*n + d = -143 + 2998. Suppose -2*z - z = 450. Let q = z - n. Is q a composite number?
False
Let a be (-4)/(-10)*6890/(-26). Is (86244/10)/(a/(-265)) prime?
False
Suppose 3*c = 4*c + 4*y - 23932, c - 23962 = 2*y. Suppose -3*h + 31915 = 4*v, 3*v - 20*h = -17*h + c. Is v a composite number?
True
Suppose -663*t = -652*t - 928565. Suppose -23*a + 2824 + t = 0. Is a a composite number?
False
Let k(p) = 363*p - 20. Let r be k(-5). Let j = -626 - r. Suppose 9*v = 6*v + j. Is v a composite number?
True
Let b(v) = 2*v + 3. Let h be b(-3). Let n be 4/h*-5*(-12)/(-10). Suppose -4*z = n*f - 3*f - 652, -4*z + 652 = 3*f. Is z composite?
False
Let b = 498 - 700. Suppose -4*k - 171 = -5*k. Let s = k - b. Is s composite?
False
Suppose d + 3*k - 52 = 0, d - 73 = -2*k - 17. Suppose 21768 = 76*f - d*f. Is f composite?
True
Let p(f) = 3*f**3 - 84*f**2 + 72*f - 86. Is p(35) a prime number?
False
Suppose 0 = -11*b - 8334 + 1052. Let x = b - -3404. Suppose 0 = -5*h - u - 3872 + 10681, -x = -2*h - 5*u. Is h prime?
True
Let o = -28 - -30. Suppose o*l + 0*l + z = 245, -2*z = 6. Suppose -55 - l = -b. Is b composite?
False
Let k be (1888/2)/(-4 - (-15)/3). Let m = 3790 - k. Is m a prime number?
False
Suppose u - 5*z - 76 = 0, 177 = 3*u - 0*u + 2*z. Let c(k) = -k**2 - 210*k - 10825. Let w be c(-93). Suppose 0 = -w*g + u*g - 4535. Is g a prime number?
True
Suppose 3*m + 462142 - 2446333 = 0. Is m a prime number?
False
Suppose -5*k = 6*l - 4*l - 1578, -3*k = -5*l + 3945. Suppose 6*p - 3471 = -l. Suppose -5*o + 5148 + p = 0. Is o a prime number?
False
Let o be 40/(-6)*12/8. Let u be 5/o - (-13356)/8. Let a = -902 + u. Is a a prime number?
False
Let s(q) be the second derivative of -q**4/12 + 5*q**3/6 + 5*q**2 - 5*q. Let t be s(7). Is 1/(4/(-7984)*t) a prime number?
True
Let r = 308 + -304. Suppose -q - 48764 = -6*j + 3*j, r*j = 3*q + 65017. Is j composite?
True
Let r(u) = -u**3 - 7*u**2 - 3*u + 29. Let y be r(-6). Suppose -y*s + 436 - 95 = 0. Is s composite?
False
Suppose 73 + 23 = 8*i. Suppose 0*x + i = 6*x. Suppose 119 = x*o + 1. Is o a composite number?
False
Let j = -45 + 3. Let u = 44 + j. Let d(h) = 7*h - 4. Is d(u) prime?
False
Let o(n) be the second derivative of -485*n**3/3 - 14*n**2 - 42*n. Is o(-5) a prime number?
False
Is ((-6212)/(-3))/((-140)/(-525)) a prime number?
False
Suppose -3*q - h + 8716 = -1517, 2*q + 2*h = 6822. Let f = -1765 + q. Is -3 - (f/(-5) - 2/(-10)) composite?
True
Let n(f) = -46701*f - 3021. Is n(-4) prime?
False
Let d = 2538 + 25811. Is d a prime number?
True
Let n be (3 + (-25)/15)*3. Suppose -n*a + f + 19489 = -0*f, 0 = 5*a + 3*f - 24340. Is a a composite number?
False
Is -703244*7/4*(-12 - 83/(-7)) prime?
True
Suppose -229*u + 5186172 = -2088471. Is u a prime number?
False
Suppose 355133 = 3*f + 5*i, 5*f - 18*i = -20*i + 591901. Is f a composite number?
True
Suppose 2*s + 2*s + 48 = 2*d, -42 = -d - 4*s. Suppose -2*n = j + d + 438, 2*j + 938 = -5*n. Let x = j - -1001. Is x a prime number?
False
Let w(n) be the first derivative of n**4/4 + 13*n**3/3 + 5*n**2 - 24*n + 18. Let f be w(-12). Suppose f = -h - 50 + 237. Is h a composite number?
True
Let l be 17*57 - 0 - 56/28. Suppose -11*y + 10*y + l = 0. Is y composite?
False
Let r = 148 + -118. Is 43906/12 - ((-65)/r + 2) composite?
False
Suppose -2*k + 18 = -3*k + 4*w, 5*w - 25 = 0. Suppose -5*l = -2*a - 3, 0 = k*a - 3*a + 1. Let m(f) = 653*f**3 + f**2 - f. Is m(l) a composite number?
False
Let k be (68720/35)/8 - (-6)/(-14). Suppose k*u - 705 = 240*u. Is u a composite number?
True
Let q be (0 + 4)/((-42)/(-42)). Suppose 0 = -a + 2*t + 1791, -a + q*a - 5401 = -t. Is a composite?
True
Suppose 0 = -135*k + 136*k - 10864. Suppose -969 + k = 5*p. Is p composite?
False
Let q(y) = 31*y**3 - 44*y**2 + 31*y - 45. Is q(29) composite?
True
Suppose -15*k + 260625 - 140665 = -12592195. Is k prime?
True
Let n = -84 + 89. Suppose 0 = -4*z + n*v + 10, -3*v = -5*z - 4*v - 2. Suppose 11*j - 4*j - 2611 = z. Is j composite?
False
Let p(u) = 156*u**3 - 5*u**2 + 43*u - 205. Is p(5) a prime number?
False
Let o = 156886 - 81030. Suppose 0 = 16*v - 0*v - o. Is v prime?
False
Let h = 706 + -611. Let t = -49 - -25. Let n = t + h. Is n composite?
False
Let w(c) = 22*c + 6 - 38*c**2 + 6 - 10. Let j be w(-7). Let a = -443 - j. Is a composite?
False
Let o(w) = w**3 - 3*w**2 - 14*w + 285247. Is o(0) a composite number?
True
Let j be 3323220/68 - (-10)/85. Suppose 24432 = d - 30*b + 35*b, 2*d - j = -3*b. Is d a composite number?
True
Let x(w) = w**3 - 9*w**2 - 10*w + 3. Let z be x(10). Suppose 3*m = -0*r + 3*r + 1422, -2*m + 948 = 5*r. Suppose -m = z*l - 5*l. Is l a prime number?
False
Let n(t) = -t**2 - 13*t - 15. Let m be n(-5). Let k(r) = 14 + 254*r**2 - 250*r**2 + m*r + 3. Is k(-20) a composite number?
False
Let y = 40547 - 21426. Is y composite?
False
Let t be (-37)/(-1)*(6 + (-12 - -10)). Suppose 150*w - t*w = 6122. Is w a composite number?
False
Suppose -2*y = w - 11801 - 22782, 0 = 4*w - y - 138305. Is w composite?
True
Let j(h) = -3581*h + 16. Let f be j(-4). Let m = f + -5839. Is m a prime number?
True
Let l be (-11)/(-33)*-12 + 1*30235. Suppose -53079 = -6*d + l. Is d a composite number?
True
Let j(g) = g**3 + 29*g**2 - g - 29. Let x be j(-29). Let t(l) = 25*l + 6997. Is t(x) a composite number?
False
Let o(v) = -v**3 - 3*v**2 - v + 4. Let t be o(-2). Let h(i) = -i**2 + 3*i**3 + 2*i**3 + 0*i**t + 158 - 6*i**3. Is h(0) composite?
True
Suppose 49*z - 42*z + 255843 = 0. Let b = z + 64340. Is b a prime number?
True
Let y = -194 + 196. Suppose -p + 5*c = -4382, 4104 = p + y*c - 271. Is p prime?
False
Let c be 3954*(1/(-3) - 3/(-3)). Let w = -4998 + c. Let r = w + 4293. Is r a composite number?
False
Let q(w) = -w**2 - 10*w - 14. Let h be q(-6). Is 58068/h + 3/15 composite?
False
Let c = -1094220 - -1558699. Is c composite?
False
Let w be -3 + 0 + (-28)/7 + 7. Suppose -s - 2*s - y + 2562 = w, s + y - 856 = 0. Is s a composite number?
False
Is ((-5)/(-5))/((-3)/(-53))*33849/3 composite?
True
Let n = 172715 - -90507. Is n composite?
True
Let k = -456056 - -767895. Is k a composite number?
True
Suppose -5*f = -600707 - 79448. Is f prime?
False
Suppose -28*t = 16*t + 57*t - 8107169. Is t a prime number?
False
Let y(g) = g**3 - 5*g**2 + 2*g - 8. Let s be y(5). Let x(z) = 4751*z**2 + z - 4. Let f be x(s). Is 1/(-2) - f/(-1